{"id":29486,"date":"2026-04-22T03:09:06","date_gmt":"2026-04-22T03:09:06","guid":{"rendered":"https:\/\/vitatika.com\/?post_type=product&#038;p=29486"},"modified":"2026-04-22T03:11:55","modified_gmt":"2026-04-22T03:11:55","slug":"melatonina-1mg-180-tabletas-natures-truth","status":"publish","type":"product","link":"https:\/\/vitatika.com\/?product=melatonina-1mg-180-tabletas-natures-truth","title":{"rendered":"Melatonina 1mg-180 Tabletas-Nature&#8217;s Truth"},"content":{"rendered":"","protected":false},"excerpt":{"rendered":"<p><strong>Beneficios:<\/strong><\/p>\n<p>Melatonina 1 mg de Nature&#8217;s Truth (180 tabletas) es un suplemento para el insomnio ocasional, dise\u00f1ado para regular el ciclo de sue\u00f1o y reducir el jet lag. Su dosis baja (1 mg) promueve un descanso reparador sin causar dependencia, siendo ideal para uso nocturno Es apta para vegetarianos, sin OGM ni gluten.<\/p>\n<p>Regulaci\u00f3n del sue\u00f1o: Ayuda a conciliar el sue\u00f1o m\u00e1s r\u00e1pido al regular el ritmo circadiano.<\/p>\n<p>Jet Lag: \u00datil para adaptarse a nuevas zonas horarias y cambios de horario<\/p>\n<p>F\u00f3rmula suave: Al ser de 1 mg, ofrece una ayuda leve y efectiva.<\/p>\n<p>Descanso reparador: Favorece un sue\u00f1o profundo sin dependencia.<\/p>\n<p><strong>M\u00e9todo de uso:<\/strong><\/p>\n<p>Tomar una (1) tableta, preferiblemente 30 minutos antes de acostarse<\/p>\n<p>Apto para adultos; se recomienda su uso ocasional o a corto plazo<\/p>\n<p><strong>Contraindicaciones:<\/strong><\/p>\n<p>No conducir ni operar maquinaria tras tomarla.<\/p>\n<p>Consultar al m\u00e9dico si est\u00e1 embarazada, amamantando, tomando medicamentos (sedantes, anticoagulantes) o padece una enfermedad autoinmune.<\/p>\n","protected":false},"featured_media":29487,"comment_status":"open","ping_status":"closed","template":"","meta":{"_joinchat":[]},"product_brand":[94,100],"product_cat":[87,88],"product_tag":[],"class_list":{"0":"post-29486","1":"product","2":"type-product","3":"status-publish","4":"has-post-thumbnail","6":"product_brand-marcas","7":"product_brand-6-naturess-truth","8":"product_cat-relajacion-y-sueno","9":"product_cat-sueno-y-relajacion","11":"first","12":"instock","13":"shipping-taxable","14":"purchasable","15":"product-type-simple"},"_links":{"self":[{"href":"https:\/\/vitatika.com\/index.php?rest_route=\/wp\/v2\/product\/29486","targetHints":{"allow":["GET"]}}],"collection":[{"href":"https:\/\/vitatika.com\/index.php?rest_route=\/wp\/v2\/product"}],"about":[{"href":"https:\/\/vitatika.com\/index.php?rest_route=\/wp\/v2\/types\/product"}],"replies":[{"embeddable":true,"href":"https:\/\/vitatika.com\/index.php?rest_route=%2Fwp%2Fv2%2Fcomments&post=29486"}],"version-history":[{"count":1,"href":"https:\/\/vitatika.com\/index.php?rest_route=\/wp\/v2\/product\/29486\/revisions"}],"predecessor-version":[{"id":29489,"href":"https:\/\/vitatika.com\/index.php?rest_route=\/wp\/v2\/product\/29486\/revisions\/29489"}],"wp:featuredmedia":[{"embeddable":true,"href":"https:\/\/vitatika.com\/index.php?rest_route=\/wp\/v2\/media\/29487"}],"wp:attachment":[{"href":"https:\/\/vitatika.com\/index.php?rest_route=%2Fwp%2Fv2%2Fmedia&parent=29486"}],"wp:term":[{"taxonomy":"product_brand","embeddable":true,"href":"https:\/\/vitatika.com\/index.php?rest_route=%2Fwp%2Fv2%2Fproduct_brand&post=29486"},{"taxonomy":"product_cat","embeddable":true,"href":"https:\/\/vitatika.com\/index.php?rest_route=%2Fwp%2Fv2%2Fproduct_cat&post=29486"},{"taxonomy":"product_tag","embeddable":true,"href":"https:\/\/vitatika.com\/index.php?rest_route=%2Fwp%2Fv2%2Fproduct_tag&post=29486"}],"curies":[{"name":"wp","href":"https:\/\/api.w.org\/{rel}","templated":true}]}}