{"id":29391,"date":"2026-02-14T21:31:02","date_gmt":"2026-02-14T21:31:02","guid":{"rendered":"https:\/\/vitatika.com\/?post_type=product&#038;p=29391"},"modified":"2026-02-14T21:31:02","modified_gmt":"2026-02-14T21:31:02","slug":"vitamina-e-1000-iu-60-softgels-natures-truth","status":"publish","type":"product","link":"https:\/\/vitatika.com\/?product=vitamina-e-1000-iu-60-softgels-natures-truth","title":{"rendered":"Vitamina E 1,000 IU-60 Softgels-Nature&#8217;s Truth"},"content":{"rendered":"","protected":false},"excerpt":{"rendered":"<p>Beneficios:<br \/>\nPotente suplemento antioxidante (450 mg) en c\u00e1psulas blandas, dise\u00f1ado para proteger c\u00e9lulas, piel y ojos del da\u00f1o por estr\u00e9s oxidativo.<\/p>\n<p>Poderoso Antioxidante: Protege tejidos y \u00f3rganos de los radicales libres.<\/p>\n<p>Salud de la Piel y Ojos: Ayuda a mantener la piel y los ojos sanos.<\/p>\n<p>Sistema Inmunol\u00f3gico: Fortalece las defensas naturales.<\/p>\n<p>Alta Potencia: 1,000 UI por c\u00e1psula aseguran un alto aporte antioxidante.<\/p>\n<p>F\u00f3rmula: Suave, f\u00e1cil de tragar, libre de gluten y conservantes artificiales.<\/p>\n<p>M\u00e9todo de uso:<br \/>\nTomar una (1) c\u00e1psula blanda al d\u00eda, preferiblemente con una comida.<\/p>\n<p>Contraindicaciones:<br \/>\nSangrado: Dosis altas (&gt;1000 mg\/d\u00eda) pueden aumentar el riesgo de sangrado.<\/p>\n<p>Interacciones: Puede ser da\u00f1ino si se toman medicamentos anticoagulantes (consulte a su m\u00e9dico).<\/p>\n<p>Embarazo\/Lactancia: Consulte a su m\u00e9dico antes de usarlo si est\u00e1 embarazada, lactando o tiene una condici\u00f3n m\u00e9dica.<\/p>\n<p>Efectos secundarios: En raras ocasiones puede provocar fatiga, n\u00e1useas, diarrea o debilidad muscular.<\/p>\n","protected":false},"featured_media":29392,"comment_status":"open","ping_status":"closed","template":"","meta":{"_joinchat":[]},"product_brand":[94,100],"product_cat":[86,85,84],"product_tag":[],"class_list":{"0":"post-29391","1":"product","2":"type-product","3":"status-publish","4":"has-post-thumbnail","6":"product_brand-marcas","7":"product_brand-6-naturess-truth","8":"product_cat-antioxidantes","9":"product_cat-cuidado-de-la-piel-y-el-cabello","10":"product_cat-suplementos-para-la-belleza","12":"first","13":"instock","14":"shipping-taxable","15":"purchasable","16":"product-type-simple"},"_links":{"self":[{"href":"https:\/\/vitatika.com\/index.php?rest_route=\/wp\/v2\/product\/29391","targetHints":{"allow":["GET"]}}],"collection":[{"href":"https:\/\/vitatika.com\/index.php?rest_route=\/wp\/v2\/product"}],"about":[{"href":"https:\/\/vitatika.com\/index.php?rest_route=\/wp\/v2\/types\/product"}],"replies":[{"embeddable":true,"href":"https:\/\/vitatika.com\/index.php?rest_route=%2Fwp%2Fv2%2Fcomments&post=29391"}],"version-history":[{"count":1,"href":"https:\/\/vitatika.com\/index.php?rest_route=\/wp\/v2\/product\/29391\/revisions"}],"predecessor-version":[{"id":29394,"href":"https:\/\/vitatika.com\/index.php?rest_route=\/wp\/v2\/product\/29391\/revisions\/29394"}],"wp:featuredmedia":[{"embeddable":true,"href":"https:\/\/vitatika.com\/index.php?rest_route=\/wp\/v2\/media\/29392"}],"wp:attachment":[{"href":"https:\/\/vitatika.com\/index.php?rest_route=%2Fwp%2Fv2%2Fmedia&parent=29391"}],"wp:term":[{"taxonomy":"product_brand","embeddable":true,"href":"https:\/\/vitatika.com\/index.php?rest_route=%2Fwp%2Fv2%2Fproduct_brand&post=29391"},{"taxonomy":"product_cat","embeddable":true,"href":"https:\/\/vitatika.com\/index.php?rest_route=%2Fwp%2Fv2%2Fproduct_cat&post=29391"},{"taxonomy":"product_tag","embeddable":true,"href":"https:\/\/vitatika.com\/index.php?rest_route=%2Fwp%2Fv2%2Fproduct_tag&post=29391"}],"curies":[{"name":"wp","href":"https:\/\/api.w.org\/{rel}","templated":true}]}}