{"id":29385,"date":"2026-02-14T21:13:51","date_gmt":"2026-02-14T21:13:51","guid":{"rendered":"https:\/\/vitatika.com\/?post_type=product&#038;p=29385"},"modified":"2026-04-22T02:59:50","modified_gmt":"2026-04-22T02:59:50","slug":"melena-de-leon-2100-mg-50-capsulas-natures-truth","status":"publish","type":"product","link":"https:\/\/vitatika.com\/?product=melena-de-leon-2100-mg-50-capsulas-natures-truth","title":{"rendered":"Melena de Le\u00f3n 2,100 mg-50 C\u00e1psulas-Nature&#8217;s Truth"},"content":{"rendered":"","protected":false},"excerpt":{"rendered":"<p>Beneficios:<br \/>\nPuede favorecer la salud cognitiva y combinarla con f\u00f3rmulas de concentraci\u00f3n y memoria puede mejorar la claridad mental y la concentraci\u00f3n.<\/p>\n<p>Apoyo Cognitivo: Mejora la memoria, la concentraci\u00f3n y la claridad mental.<\/p>\n<p>Salud Neuronal: Favorece la funci\u00f3n cerebral y puede ayudar en trastornos neurodegenerativos.<\/p>\n<p>Bienestar Intestinal y General: Contiene sustancias bioactivas buenas para el coraz\u00f3n, intestino y sistema nervioso.<\/p>\n<p>Adapt\u00f3geno: Ayuda al cuerpo a gestionar el estr\u00e9s.<\/p>\n<p>Alta Absorci\u00f3n: Incluye extracto de pimienta negra (BioPerine) para potenciar sus efectos.<\/p>\n<p>M\u00e9todo de uso:<br \/>\nLos adultos deben tomar una (1) c\u00e1psula vegana por d\u00eda, preferentemente con una comida.<\/p>\n<p>Contraindicaciones:<br \/>\nSi est\u00e1 embarazada, lactando y toma alg\u00fan medicamento o tiene alguna afecci\u00f3n m\u00e9dica, consulte con un m\u00e9dico antes de usar este producto. Descontin\u00fae su uso de inmediato y consulte con un m\u00e9dico si experimenta alguna reacci\u00f3n adversa. No use el producto si falta el sello debajo de la tapa o este est\u00e1 roto. Mantenga fuera del alcance de los ni\u00f1os. Almacene en un lugar fresco y seco.<\/p>\n<p>Debe usarse con precauci\u00f3n si tomas medicamentos anticoagulantes, ya que puede aumentar el riesgo de sangrados.<\/p>\n<p>Si tienes alguna afecci\u00f3n m\u00e9dica, busca consejo profesional.<\/p>\n","protected":false},"featured_media":29389,"comment_status":"open","ping_status":"closed","template":"","meta":{"_joinchat":[]},"product_brand":[94,100],"product_cat":[76,81],"product_tag":[],"class_list":{"0":"post-29385","1":"product","2":"type-product","3":"status-publish","4":"has-post-thumbnail","6":"product_brand-marcas","7":"product_brand-6-naturess-truth","8":"product_cat-bienestar-general","9":"product_cat-salud-mental-y-cognitiva","11":"first","12":"instock","13":"shipping-taxable","14":"purchasable","15":"product-type-simple"},"_links":{"self":[{"href":"https:\/\/vitatika.com\/index.php?rest_route=\/wp\/v2\/product\/29385","targetHints":{"allow":["GET"]}}],"collection":[{"href":"https:\/\/vitatika.com\/index.php?rest_route=\/wp\/v2\/product"}],"about":[{"href":"https:\/\/vitatika.com\/index.php?rest_route=\/wp\/v2\/types\/product"}],"replies":[{"embeddable":true,"href":"https:\/\/vitatika.com\/index.php?rest_route=%2Fwp%2Fv2%2Fcomments&post=29385"}],"version-history":[{"count":3,"href":"https:\/\/vitatika.com\/index.php?rest_route=\/wp\/v2\/product\/29385\/revisions"}],"predecessor-version":[{"id":29388,"href":"https:\/\/vitatika.com\/index.php?rest_route=\/wp\/v2\/product\/29385\/revisions\/29388"}],"wp:featuredmedia":[{"embeddable":true,"href":"https:\/\/vitatika.com\/index.php?rest_route=\/wp\/v2\/media\/29389"}],"wp:attachment":[{"href":"https:\/\/vitatika.com\/index.php?rest_route=%2Fwp%2Fv2%2Fmedia&parent=29385"}],"wp:term":[{"taxonomy":"product_brand","embeddable":true,"href":"https:\/\/vitatika.com\/index.php?rest_route=%2Fwp%2Fv2%2Fproduct_brand&post=29385"},{"taxonomy":"product_cat","embeddable":true,"href":"https:\/\/vitatika.com\/index.php?rest_route=%2Fwp%2Fv2%2Fproduct_cat&post=29385"},{"taxonomy":"product_tag","embeddable":true,"href":"https:\/\/vitatika.com\/index.php?rest_route=%2Fwp%2Fv2%2Fproduct_tag&post=29385"}],"curies":[{"name":"wp","href":"https:\/\/api.w.org\/{rel}","templated":true}]}}