{"id":29246,"date":"2026-02-03T22:32:24","date_gmt":"2026-02-03T22:32:24","guid":{"rendered":"https:\/\/vitatika.com\/?post_type=product&#038;p=29246"},"modified":"2026-02-05T22:08:27","modified_gmt":"2026-02-05T22:08:27","slug":"vitamina-b-12-1000-mcg-100-tabletas-natures-truth","status":"publish","type":"product","link":"https:\/\/vitatika.com\/?product=vitamina-b-12-1000-mcg-100-tabletas-natures-truth","title":{"rendered":"Vitamina B-12 1,000 mcg-100 Tabletas-Nature&#8217;s Truth"},"content":{"rendered":"","protected":false},"excerpt":{"rendered":"<p>Beneficios:<br \/>\nFavorece la producci\u00f3n de energ\u00eda y la vitalidad general con vitamina B esencial, ideal para quienes buscan apoyo nutricional diario en una c\u00f3moda forma de tableta.<br \/>\nCada comprimido aporta 1000 mcg de esta vitamina B esencial.<\/p>\n<p>M\u00e9todo de uso:<br \/>\nLos adultos deben tomar un (1) comprimido vegano por d\u00eda, preferentemente con una comida.<\/p>\n<p>Contraindicaciones:<br \/>\nSi est\u00e1 embarazada o lactando, toma alg\u00fan medicamento o tiene alguna afecci\u00f3n m\u00e9dica, consulte con un m\u00e9dico antes de usar este producto. Descontin\u00fae su uso de inmediato y consulte con un m\u00e9dico si experimenta alguna reacci\u00f3n adversa. No use el producto si falta el sello debajo de la tapa o este est\u00e1 roto. Mantenga fuera del alcance de los ni\u00f1os. Almacene en un lugar fresco y seco.<\/p>\n","protected":false},"featured_media":29249,"comment_status":"open","ping_status":"closed","template":"","meta":{"_joinchat":[]},"product_brand":[94,100],"product_cat":[76,77],"product_tag":[],"class_list":{"0":"post-29246","1":"product","2":"type-product","3":"status-publish","4":"has-post-thumbnail","6":"product_brand-marcas","7":"product_brand-6-naturess-truth","8":"product_cat-bienestar-general","9":"product_cat-energia-y-vitalidad","11":"first","12":"instock","13":"shipping-taxable","14":"purchasable","15":"product-type-simple"},"_links":{"self":[{"href":"https:\/\/vitatika.com\/index.php?rest_route=\/wp\/v2\/product\/29246","targetHints":{"allow":["GET"]}}],"collection":[{"href":"https:\/\/vitatika.com\/index.php?rest_route=\/wp\/v2\/product"}],"about":[{"href":"https:\/\/vitatika.com\/index.php?rest_route=\/wp\/v2\/types\/product"}],"replies":[{"embeddable":true,"href":"https:\/\/vitatika.com\/index.php?rest_route=%2Fwp%2Fv2%2Fcomments&post=29246"}],"version-history":[{"count":1,"href":"https:\/\/vitatika.com\/index.php?rest_route=\/wp\/v2\/product\/29246\/revisions"}],"predecessor-version":[{"id":29251,"href":"https:\/\/vitatika.com\/index.php?rest_route=\/wp\/v2\/product\/29246\/revisions\/29251"}],"wp:featuredmedia":[{"embeddable":true,"href":"https:\/\/vitatika.com\/index.php?rest_route=\/wp\/v2\/media\/29249"}],"wp:attachment":[{"href":"https:\/\/vitatika.com\/index.php?rest_route=%2Fwp%2Fv2%2Fmedia&parent=29246"}],"wp:term":[{"taxonomy":"product_brand","embeddable":true,"href":"https:\/\/vitatika.com\/index.php?rest_route=%2Fwp%2Fv2%2Fproduct_brand&post=29246"},{"taxonomy":"product_cat","embeddable":true,"href":"https:\/\/vitatika.com\/index.php?rest_route=%2Fwp%2Fv2%2Fproduct_cat&post=29246"},{"taxonomy":"product_tag","embeddable":true,"href":"https:\/\/vitatika.com\/index.php?rest_route=%2Fwp%2Fv2%2Fproduct_tag&post=29246"}],"curies":[{"name":"wp","href":"https:\/\/api.w.org\/{rel}","templated":true}]}}