{"id":29236,"date":"2026-02-03T22:31:51","date_gmt":"2026-02-03T22:31:51","guid":{"rendered":"https:\/\/vitatika.com\/?post_type=product&#038;p=29236"},"modified":"2026-02-14T21:06:55","modified_gmt":"2026-02-14T21:06:55","slug":"astaxantina-12mg-60-softgels-nutricost","status":"publish","type":"product","link":"https:\/\/vitatika.com\/?product=astaxantina-12mg-60-softgels-nutricost","title":{"rendered":"Astaxantina 12mg-60 softgels-Nutricost"},"content":{"rendered":"","protected":false},"excerpt":{"rendered":"<table width=\"604\">\n<tbody>\n<tr>\n<td width=\"604\">Beneficios:<br \/>\nProtege las c\u00e9lulas del da\u00f1o oxidativo gracias a su gran poder antioxidante.<br \/>\nFavorece la salud de la piel, ayudando a mantenerla m\u00e1s firme y luminosa.<br \/>\nContribuye a la salud visual, reduciendo la fatiga ocular.<br \/>\nApoya la salud cardiovascular al cuidar el coraz\u00f3n y la circulaci\u00f3n.<br \/>\nPromueve la recuperaci\u00f3n muscular despu\u00e9s del ejercicio, reduciendo la inflamaci\u00f3n.<\/p>\n<p>M\u00e9todo de uso:<br \/>\nComo suplemento alimentario, tome 1 c\u00e1psula blanda por d\u00eda, preferiblemente con alimentos que contengan grasa, o seg\u00fan las indicaciones de un profesional de la salud.<\/p>\n<p>Contraindicaciones:<br \/>\nPara personas sanas de 18 a\u00f1os en adelante. Si est\u00e1 tomando medicamentos o tiene una afecci\u00f3n m\u00e9dica, o est\u00e1 embarazada o lactando, consulte con un profesional de la salud antes de usar este producto. Mantenga fuera del alcance de los ni\u00f1os. No use el producto si falta el sello de seguridad o este est\u00e1 roto.<\/td>\n<\/tr>\n<\/tbody>\n<\/table>\n","protected":false},"featured_media":29240,"comment_status":"open","ping_status":"closed","template":"","meta":{"_joinchat":[]},"product_brand":[94,98],"product_cat":[86,85,84],"product_tag":[],"class_list":{"0":"post-29236","1":"product","2":"type-product","3":"status-publish","4":"has-post-thumbnail","6":"product_brand-marcas","7":"product_brand-nutricost","8":"product_cat-antioxidantes","9":"product_cat-cuidado-de-la-piel-y-el-cabello","10":"product_cat-suplementos-para-la-belleza","12":"first","13":"instock","14":"shipping-taxable","15":"purchasable","16":"product-type-simple"},"_links":{"self":[{"href":"https:\/\/vitatika.com\/index.php?rest_route=\/wp\/v2\/product\/29236","targetHints":{"allow":["GET"]}}],"collection":[{"href":"https:\/\/vitatika.com\/index.php?rest_route=\/wp\/v2\/product"}],"about":[{"href":"https:\/\/vitatika.com\/index.php?rest_route=\/wp\/v2\/types\/product"}],"replies":[{"embeddable":true,"href":"https:\/\/vitatika.com\/index.php?rest_route=%2Fwp%2Fv2%2Fcomments&post=29236"}],"version-history":[{"count":4,"href":"https:\/\/vitatika.com\/index.php?rest_route=\/wp\/v2\/product\/29236\/revisions"}],"predecessor-version":[{"id":29384,"href":"https:\/\/vitatika.com\/index.php?rest_route=\/wp\/v2\/product\/29236\/revisions\/29384"}],"wp:featuredmedia":[{"embeddable":true,"href":"https:\/\/vitatika.com\/index.php?rest_route=\/wp\/v2\/media\/29240"}],"wp:attachment":[{"href":"https:\/\/vitatika.com\/index.php?rest_route=%2Fwp%2Fv2%2Fmedia&parent=29236"}],"wp:term":[{"taxonomy":"product_brand","embeddable":true,"href":"https:\/\/vitatika.com\/index.php?rest_route=%2Fwp%2Fv2%2Fproduct_brand&post=29236"},{"taxonomy":"product_cat","embeddable":true,"href":"https:\/\/vitatika.com\/index.php?rest_route=%2Fwp%2Fv2%2Fproduct_cat&post=29236"},{"taxonomy":"product_tag","embeddable":true,"href":"https:\/\/vitatika.com\/index.php?rest_route=%2Fwp%2Fv2%2Fproduct_tag&post=29236"}],"curies":[{"name":"wp","href":"https:\/\/api.w.org\/{rel}","templated":true}]}}